{"id":10,"date":"2025-11-08T13:19:28","date_gmt":"2025-11-08T12:19:28","guid":{"rendered":"https:\/\/odnowabiologiczna-konfizjo.pl\/?page_id=10"},"modified":"2025-11-08T14:09:52","modified_gmt":"2025-11-08T13:09:52","slug":"odnowa-biologiczna-konfizjo-regeneracja-spokoj-rownowaga","status":"publish","type":"page","link":"https:\/\/odnowabiologiczna-konfizjo.pl\/","title":{"rendered":"Odnowa biologiczna KONFIZJO \u2013 regeneracja, spok\u00f3j, r\u00f3wnowaga"},"content":{"rendered":"\n<p>Odnowa biologiczna dla cia\u0142a, kt\u00f3re potrzebuje odpoczynku. Zatrzymaj si\u0119. Odetchnij. Zregeneruj.<\/p>\n\n\n\n<p>Dzie\u0144 dobry, cze\u015b\u0107, witaj! <\/p>\n\n\n\n<p>\u017byjemy obecnie w szelonym \u015bwiecie i szybkim p\u0119dzie. Jeste\u015bmy nara\u017ceni na ci\u0105glu stres, napi\u0119cie i przeci\u0105\u017cenie. Jako fizjoterapeuci wiemy jak wa\u017cny jest odpoczynek i regenracja ora\u017c, \u017ce lepiej jest zapobiga\u0107 ni\u017c leczy\u0107: przem\u0119czeniu, przeci\u0105\u017ceniu, chorobom.<\/p>\n\n\n\n<p>Je\u015bli czujesz, \u017ce potrzebujesz regeneracji i odpoczynku propozycja znaduj\u0105ca si\u0119 na tej stronie jest w\u0142a\u015bnie dla Ciebie.<\/p>\n\n\n\n<p>W \u017cyciu pe\u0142nym po\u015bpiechu i napi\u0119cia ka\u017cdy potrzebuje chwili dla siebie.<br>Odnowa biologiczna w KONFIZJO to czas, w kt\u00f3rym mo\u017cesz zatrzyma\u0107 si\u0119, odetchn\u0105\u0107 i przywr\u00f3ci\u0107 r\u00f3wnowag\u0119 swojemu cia\u0142u i umys\u0142owi.<br>To po\u0142\u0105czenie zabieg\u00f3w fizjoterapeutycznych i relaksacyjnych, kt\u00f3re wspieraj\u0105 naturalne procesy regeneracji, pomagaj\u0105 redukowa\u0107 stres i odzyska\u0107 energi\u0119.<\/p>\n\n\n\n<p>Naszym celem jest kompleksowa regeneracja organizmu \u2013 zar\u00f3wno po wysi\u0142ku fizycznym, jak i psychicznym.<br>Zabiegi dobieramy indywidualnie, by wspom\u00f3c kr\u0105\u017cenie, rozlu\u017ani\u0107 mi\u0119\u015bnie, poprawi\u0107 samopoczucie i przywr\u00f3ci\u0107 lekko\u015b\u0107 ca\u0142emu cia\u0142u.<\/p>\n\n\n\n<p>Jeste\u015bmy zespo\u0142em fizjoterapeutek i fizjoterapeut\u00f3w, prowadzimy nasz gabinet w Kluczborku, nasze zabiegi skierowane s\u0105 do mieszka\u0144c\u00f3w okolicy &#8211; zapraszamy serdecznie.<\/p>\n\n\n\n<h2 class=\"wp-block-heading\">\ud83d\udc86\u200d\u2640\ufe0fZabiegi w ramach odnowy biologicznej:<\/h2>\n\n\n\n<p>Jako specjali\u015bci od zdrowia, wiemy jak wa\u017cny jest dla jego zachowania odpoczynek i regeneracja. Oferujemy nasze zabiegi tak\u017ce w celach profilaktyki zwi\u0105zanej z obci\u0105\u017ceniem intelektualnym b\u0105d\u017a fizycznym.<\/p>\n\n\n\n<p> \ud83c\udf3fMasa\u017c klasyczny \u2013  stosowany w celach relaksayjnych, zdrowotnych, zapobiegania napi\u0119ciom, poprawia kr\u0105\u017cenie, rozlu\u017ania napi\u0119cia, wspiera regeneracj\u0119 po pracy lub treningu. <\/p>\n\n\n\n<p>\ud83c\udf3fMasa\u017c relaksacyjny \u2013 skuteczny w proflaktyce, \u0142agodzi skutki stresu, koi uk\u0142ad nerwowy, wprowadza w stan g\u0142\u0119bokiego odpr\u0119\u017cenia.<\/p>\n\n\n\n<p>\ud83c\udf3fMasa\u017c sportowy \u2013 skierowany do os\u00f3b aktywnych, regeneruje mi\u0119\u015bnie po wysi\u0142ku, zapobiega przeci\u0105\u017ceniom i kontuzjom.<\/p>\n\n\n\n<p>\ud83c\udf3fPresoterapia (drena\u017c limfatyczny, terapia uciskowa) \u2013 ucisk, kt\u00f3ry rozlu\u017ania mi\u0119\u015bnie, redukuje obrz\u0119ki i uczucie ci\u0119\u017cko\u015bci, poprawia kr\u0105\u017cenie limfy i detoksykacj\u0119 organizmu.<\/p>\n\n\n\n<p>\ud83c\udf3fFala uderzeniowa \u2013 uderzenia akustyczne stanowi\u0105ce bodziec dla tkanek, wspomaga odnow\u0119 tkanek, rozlu\u017ania mi\u0119\u015bnie, \u0142agodzi przeci\u0105\u017cenia.<\/p>\n\n\n\n<p>\ud83c\udf3fTerapia TECAR \u2013 mocne rozlu\u017anienie, silne dzia\u0142enie odnowy tkankowej, g\u0142\u0119boka regeneracja i dotlenienie tkanek, poprawa elastyczno\u015bci i metabolizmu mi\u0119\u015bni.<\/p>\n\n\n\n<p>\ud83c\udf3fRelaksacja (seans relaksacyjny) \u2013 w walce z napi\u0119ciem i stresem, po\u0142\u0105czenie \u0107wicze\u0144 oddechowych, rozci\u0105gania, wizualizacji i masa\u017cu \u2013 pozwala odnale\u017a\u0107 spok\u00f3j i r\u00f3wnowag\u0119.<\/p>\n\n\n\n<p>\ud83c\udf3fKrioterapia miejscowa \u2013  regeneruje po wysi\u0142ku, zmniejsza stany zapalne i napi\u0119cia mi\u0119\u015bniowe<\/p>\n\n\n\n<h2 class=\"wp-block-heading\">\ud83c\udf38Dla kogo<\/h2>\n\n\n\n<p>Oferta odnowy biologicznej jest skierowana do os\u00f3b, kt\u00f3re potrzebuj\u0105 odpoczynku, regeneracji lub profilaktyki zdrowia:<\/p>\n\n\n\n<p>\ud83d\udc8e pracownik\u00f3w biurowych, nauczycieli i urz\u0119dnik\u00f3w,<\/p>\n\n\n\n<p>\ud83d\udc8e os\u00f3b nara\u017conych na stres i przeci\u0105\u017cenie psychiczne,<\/p>\n\n\n\n<p>\ud83d\udc8e pracownik\u00f3w fizycznych z napi\u0119ciami mi\u0119\u015bniowo-szkieletowymi,<\/p>\n\n\n\n<p>\ud83d\udc8e sportowc\u00f3w i os\u00f3b aktywnych fizycznie,<\/p>\n\n\n\n<p>\ud83d\udc8e przedsi\u0119biorc\u00f3w, mened\u017cer\u00f3w, os\u00f3b przem\u0119czonych,<\/p>\n\n\n\n<p>\ud83d\udc8e wszystkich, kt\u00f3rzy chc\u0105 odzyska\u0107 energi\u0119 i spok\u00f3j.<\/p>\n\n\n\n<h2 class=\"wp-block-heading\">\u2728 Dlaczego warto?<\/h2>\n\n\n\n<p>\u2714 przyspieszenie regeneracji po pracy, stresie i wysi\u0142ku,<br>\u2714 redukcja napi\u0119\u0107 i b\u00f3lu mi\u0119\u015bniowego,<br>\u2714 poprawa kr\u0105\u017cenia, dotlenienia i elastyczno\u015bci tkanek,<br>\u2714 naturalne obni\u017cenie poziomu stresu,<br>\u2714 lepszy sen, samopoczucie i r\u00f3wnowaga emocjonalna.<\/p>\n\n\n\n<p><\/p>\n","protected":false},"excerpt":{"rendered":"<p>Odnowa biologiczna dla cia\u0142a, kt\u00f3re potrzebuje odpoczynku. Zatrzymaj si\u0119. Odetchnij. Zregeneruj. Dzie\u0144 dobry, cze\u015b\u0107, witaj! \u017byjemy obecnie w szelonym \u015bwiecie i szybkim p\u0119dzie. Jeste\u015bmy nara\u017ceni na ci\u0105glu stres, napi\u0119cie i przeci\u0105\u017cenie. Jako fizjoterapeuci wiemy jak wa\u017cny jest odpoczynek i regenracja ora\u017c, \u017ce lepiej jest zapobiga\u0107 ni\u017c leczy\u0107: przem\u0119czeniu, przeci\u0105\u017ceniu, chorobom. Je\u015bli czujesz, \u017ce potrzebujesz regeneracji&#8230;<\/p>\n","protected":false},"author":1,"featured_media":0,"parent":0,"menu_order":0,"comment_status":"closed","ping_status":"closed","template":"","meta":{"_kad_post_transparent":"","_kad_post_title":"","_kad_post_layout":"","_kad_post_sidebar_id":"","_kad_post_content_style":"","_kad_post_vertical_padding":"","_kad_post_feature":"","_kad_post_feature_position":"","_kad_post_header":false,"_kad_post_footer":false,"_kad_post_classname":"","footnotes":""},"class_list":["post-10","page","type-page","status-publish","hentry"],"_links":{"self":[{"href":"https:\/\/odnowabiologiczna-konfizjo.pl\/index.php\/wp-json\/wp\/v2\/pages\/10","targetHints":{"allow":["GET"]}}],"collection":[{"href":"https:\/\/odnowabiologiczna-konfizjo.pl\/index.php\/wp-json\/wp\/v2\/pages"}],"about":[{"href":"https:\/\/odnowabiologiczna-konfizjo.pl\/index.php\/wp-json\/wp\/v2\/types\/page"}],"author":[{"embeddable":true,"href":"https:\/\/odnowabiologiczna-konfizjo.pl\/index.php\/wp-json\/wp\/v2\/users\/1"}],"replies":[{"embeddable":true,"href":"https:\/\/odnowabiologiczna-konfizjo.pl\/index.php\/wp-json\/wp\/v2\/comments?post=10"}],"version-history":[{"count":5,"href":"https:\/\/odnowabiologiczna-konfizjo.pl\/index.php\/wp-json\/wp\/v2\/pages\/10\/revisions"}],"predecessor-version":[{"id":17,"href":"https:\/\/odnowabiologiczna-konfizjo.pl\/index.php\/wp-json\/wp\/v2\/pages\/10\/revisions\/17"}],"wp:attachment":[{"href":"https:\/\/odnowabiologiczna-konfizjo.pl\/index.php\/wp-json\/wp\/v2\/media?parent=10"}],"curies":[{"name":"wp","href":"https:\/\/api.w.org\/{rel}","templated":true}]}}

Odnowa biologiczna KONFIZJO – regeneracja, spokój, równowaga

<p>Odnowa biologiczna dla ciała, które potrzebuje odpoczynku. Zatrzymaj się. Odetchnij. Zregeneruj.</p>



<p>Dzień dobry, cześć, witaj! </p>



<p>Żyjemy obecnie w szelonym świecie i szybkim pędzie. Jesteśmy narażeni na ciąglu stres, napięcie i przeciążenie. Jako fizjoterapeuci wiemy jak ważny jest odpoczynek i regenracja oraż, że lepiej jest zapobigać niż leczyć: przemęczeniu, przeciążeniu, chorobom.</p>



<p>Jeśli czujesz, że potrzebujesz regeneracji i odpoczynku propozycja znadująca się na tej stronie jest właśnie dla Ciebie.</p>



<p>W życiu pełnym pośpiechu i napięcia każdy potrzebuje chwili dla siebie.<br>Odnowa biologiczna w KONFIZJO to czas, w którym możesz zatrzymać się, odetchnąć i przywrócić równowagę swojemu ciału i umysłowi.<br>To połączenie zabiegów fizjoterapeutycznych i relaksacyjnych, które wspierają naturalne procesy regeneracji, pomagają redukować stres i odzyskać energię.</p>



<p>Naszym celem jest kompleksowa regeneracja organizmu – zarówno po wysiłku fizycznym, jak i psychicznym.<br>Zabiegi dobieramy indywidualnie, by wspomóc krążenie, rozluźnić mięśnie, poprawić samopoczucie i przywrócić lekkość całemu ciału.</p>



<p>Jesteśmy zespołem fizjoterapeutek i fizjoterapeutów, prowadzimy nasz gabinet w Kluczborku, nasze zabiegi skierowane są do mieszkańców okolicy &#8211; zapraszamy serdecznie.</p>



<h2 class="wp-block-heading">💆‍♀️Zabiegi w ramach odnowy biologicznej:</h2>



<p>Jako specjaliści od zdrowia, wiemy jak ważny jest dla jego zachowania odpoczynek i regeneracja. Oferujemy nasze zabiegi także w celach profilaktyki związanej z obciążeniem intelektualnym bądź fizycznym.</p>



<p> 🌿Masaż klasyczny –  stosowany w celach relaksayjnych, zdrowotnych, zapobiegania napięciom, poprawia krążenie, rozluźnia napięcia, wspiera regenerację po pracy lub treningu. </p>



<p>🌿Masaż relaksacyjny – skuteczny w proflaktyce, łagodzi skutki stresu, koi układ nerwowy, wprowadza w stan głębokiego odprężenia.</p>



<p>🌿Masaż sportowy – skierowany do osób aktywnych, regeneruje mięśnie po wysiłku, zapobiega przeciążeniom i kontuzjom.</p>



<p>🌿Presoterapia (drenaż limfatyczny, terapia uciskowa) – ucisk, który rozluźnia mięśnie, redukuje obrzęki i uczucie ciężkości, poprawia krążenie limfy i detoksykację organizmu.</p>



<p>🌿Fala uderzeniowa – uderzenia akustyczne stanowiące bodziec dla tkanek, wspomaga odnowę tkanek, rozluźnia mięśnie, łagodzi przeciążenia.</p>



<p>🌿Terapia TECAR – mocne rozluźnienie, silne działenie odnowy tkankowej, głęboka regeneracja i dotlenienie tkanek, poprawa elastyczności i metabolizmu mięśni.</p>



<p>🌿Relaksacja (seans relaksacyjny) – w walce z napięciem i stresem, połączenie ćwiczeń oddechowych, rozciągania, wizualizacji i masażu – pozwala odnaleźć spokój i równowagę.</p>



<p>🌿Krioterapia miejscowa –  regeneruje po wysiłku, zmniejsza stany zapalne i napięcia mięśniowe</p>



<h2 class="wp-block-heading">🌸Dla kogo</h2>



<p>Oferta odnowy biologicznej jest skierowana do osób, które potrzebują odpoczynku, regeneracji lub profilaktyki zdrowia:</p>



<p>💎 pracowników biurowych, nauczycieli i urzędników,</p>



<p>💎 osób narażonych na stres i przeciążenie psychiczne,</p>



<p>💎 pracowników fizycznych z napięciami mięśniowo-szkieletowymi,</p>



<p>💎 sportowców i osób aktywnych fizycznie,</p>



<p>💎 przedsiębiorców, menedżerów, osób przemęczonych,</p>



<p>💎 wszystkich, którzy chcą odzyskać energię i spokój.</p>



<h2 class="wp-block-heading">✨ Dlaczego warto?</h2>



<p>✔ przyspieszenie regeneracji po pracy, stresie i wysiłku,<br>✔ redukcja napięć i bólu mięśniowego,<br>✔ poprawa krążenia, dotlenienia i elastyczności tkanek,<br>✔ naturalne obniżenie poziomu stresu,<br>✔ lepszy sen, samopoczucie i równowaga emocjonalna.</p>



<p></p>

<p>Odnowa biologiczna dla ciała, które potrzebuje odpoczynku. Zatrzymaj się. Odetchnij. Zregeneruj. Dzień dobry, cześć, witaj! Żyjemy obecnie w szelonym świecie i szybkim pędzie. Jesteśmy narażeni na ciąglu stres, napięcie i przeciążenie. Jako fizjoterapeuci wiemy jak ważny jest odpoczynek i regenracja oraż, że lepiej jest zapobigać niż leczyć: przemęczeniu, przeciążeniu, chorobom. Jeśli czujesz, że potrzebujesz regeneracji&#8230;</p>
